 236. Calculate k(0).
-236
Let u(k) = -107420*k - 1933567. Calculate u(-18).
-7
Let m(s) = -17*s**2 + 436*s - 46. Determine m(26).
-202
Let b(j) = -2*j**3 + 2321*j**2 - 9259*j + 26. What is b(4)?
-2
Let h(l) = -21*l**2 - 3934*l - 26498. Determine h(-7).
11
Let s(o) = -29881*o + 687316. Calculate s(23).
53
Let w(c) = 566952*c - 3401712. Give w(6).
0
Let h(c) = -2272*c + 1552. Determine h(1).
-720
Let c(m) = 65*m**3 + 8*m**2 - 3*m - 2. Determine c(2).
544
Let s(b) = -b**3 + 3*b**2 + 6873*b + 47600. Give s(-7).
-21
Let v(p) = -6*p**3 + 6716*p**2 - 2262*p + 26864. Calculate v(1119).
8
Let v(p) = -p**2 + 259*p - 698. Give v(3).
70
Let t(h) = -h**3 - 23*h**2 + 34*h + 1222. Give t(-8).
-10
Let h(o) = -4*o**2 - 293*o - 3513. Calculate h(-58).
25
Let m(s) = s**3 - 74*s**2 + 416*s + 10944. What is m(65)?
-41
Let x(i) = 4*i**3 - 2*i**2 - 87*i + 1452. What is x(0)?
1452
Let l(c) = 2*c**3 + 202*c**2 + 2134*c - 42. Determine l(-89).
136
Let u(k) = -k**2 + 471*k - 55268. Determine u(228).
136
Let q(b) = 39*b**2 - 11419*b - 1886. Determine q(293).
458
Let m(u) = 589*u**2 - 47120*u - 132. Calculate m(80).
-132
Let o(m) = -m**3 + 91*m**2 + 672*m + 1454. Determine o(98).
82
Let v(i) = i**3 - 18*i**2 + 69*i - 1062. Give v(17).
-178
Let m(l) = l**2 - 1381*l + 476556. Give m(706).
6
Let t(h) = -h**3 - 68*h**2 + 225*h + 192. Give t(-71).
-660
Let r(z) = -z**3 - 195*z**2 + 3840*z - 22. Give r(18).
86
Let o(i) = i**3 - 295*i**2 - 2414*i - 3019. Determine o(303).
11
Let b(m) = 2*m**3 + 119*m**2 + 211*m - 1193. Give b(-58).
-3339
Let h(d) = 109*d + 2602. What is h(-16)?
858
Let z(y) = 2*y**2 + 60*y + 609. Calculate z(-14).
161
Let f(p) = 100*p + 3202. Give f(-12).
2002
Let a(w) = 4*w**2 + 76*w - 739. What is a(-36)?
1709
Let s(x) = 11405*x - 570366. Determine s(50).
-116
Let y(t) = t**3 - 17*t**2 + 14*t - 567. Determine y(16).
-599
Let y(v) = -v**2 - 7867*v + 885539. Calculate y(111).
-19
Let u(r) = -44460*r - 889205. Give u(-20).
-5
Let n(r) = 10*r**2 + 2201*r - 11286. Give n(5).
-31
Let z(y) = 16770*y + 450. Determine z(0).
450
Let x(i) = 92*i - 9355. Determine x(108).
581
Let t(r) = -2*r**3 - 31*r**2 + 269*r + 12. Determine t(-22).
386
Let u(s) = 21408*s + 85684. Give u(-4).
52
Let x(r) = -3754*r - 514398. What is x(-137)?
-100
Let m(v) = 2*v**3 - 17*v**2 + 14771*v - 133003. Give m(9).
17
Let a(x) = -501*x**2 + 4130*x - 971. Give a(8).
5
Let l(n) = 5482*n - 87720. Determine l(16).
-8
Let d(x) = 2*x**3 + 15*x**2 - 737*x + 3. Determine d(16).
243
Let i(q) = q**2 + 41*q + 487. What is i(-12)?
139
Let o(s) = -s**3 + 8*s**2 + 500*s + 571. What is o(-18)?
-5
Let b(j) = -46*j**2 + 50138*j + 2173. Calculate b(1090).
-7
Let c(x) = x**3 - 43*x**2 - 190*x - 66. Determine c(47).
-160
Let w(s) = -20*s**2 - 7301*s - 514. What is w(-365)?
-149
Let z(g) = -1448*g - 115840. Determine z(-80).
0
Let m(p) = 233*p**2 + 1318*p - 477. Give m(-6).
3
Let v(o) = -2*o**3 + 129*o**2 - 505*o - 2056. Give v(60).
44
Let h(g) = 11*g**2 + 731*g - 9372. Calculate h(11).
0
Let w(c) = -c**3 + 21*c**2 - 83*c - 50. What is w(10)?
220
Let g(t) = 1711*t + 4283. Determine g(-3).
-850
Let y(a) = 2031*a + 38824. Give y(-19).
235
Let l(n) = -2*n**3 - 16*n**2 + 756*n + 125. Determine l(16).
-67
Let p(j) = -2624*j - 60323. Calculate p(-23).
29
Let l(u) = -u**3 + 234*u**2 + 1953*u - 4121. What is l(242)?
-7
Let u(j) = 1860*j + 26100. What is u(-14)?
60
Let k(o) = -o**3 + 58*o**2 + 23*o + 1338. What is k(59)?
-786
Let p(z) = z**2 - 138*z + 4005. Calculate p(62).
-707
Let y(v) = v**2 + 19633*v + 215879. Determine y(-11).
37
Let g(s) = -6*s**3 - 191*s**2 + 40*s - 139. Give g(-32).
-395
Let c(m) = -3*m**2 - 863*m - 23669. Calculate c(-257).
-25
Let a(c) = -12103*c + 242119. Determine a(20).
59
Let y(f) = -1452*f**2 - 4026*f - 7. Calculate y(-3).
-997
Let v(z) = 402764*z + 2013824. Determine v(-5).
4
Let v(a) = -a**3 + 34*a**2 - 921*a + 25684. Calculate v(31).
16
Let s(t) = -t**3 + 15*t**2 + 90*t - 1033. Determine s(18).
-385
Let p(o) = -2*o**3 + 132*o**2 + 277*o - 337. Give p(68).
3
Let x(r) = -13*r**2 - 13765*r - 41307. Calculate x(-3).
-129
Let l(h) = -4*h**3 + 234*h**2 + 146*h - 1621. Give l(59).
31
Let g(q) = -q**3 + 70*q**2 + 1077*q + 11. Give g(-13).
37
Let o(w) = -6018405*w + 12036816. Calculate o(2).
6
Let h(r) = -r**3 - 1298*r**2 + 31683*r - 59487. Calculate h(-1322).
3
Let b(i) = 5*i**2 - 79865*i - 319488. Determine b(-4).
52
Let n(f) = 13*f**2 - 569*f - 11817. What is n(59)?
-135
Let r(z) = 85*z**2 - 2733*z - 155. Calculate r(32).
-571
Let n(i) = i**2 - 114*i + 1395. Determine n(64).
-1805
Let s(f) = f**3 + 18*f**2 + 97*f + 117. Calculate s(-6).
-33
Let h(k) = -19234*k - 32890142. Give h(-1710).
-2
Let y(b) = -b**3 - 61*b**2 - 44*b + 890. What is y(-60)?
-70
Let j(y) = 45*y**2 + 122*y - 555. Calculate j(-5).
-40
Let c(a) = 8*a**2 + 537*a + 20. Calculate c(-66).
-574
Let p(q) = 1704*q - 78352. What is p(46)?
32
Let k(l) = -4*l**3 - 121*l**2 + 107*l + 91. What is k(-31)?
-343
Let b(t) = -4*t**3 - 235*t**2 - 398*t + 191. What is b(-57)?
134
Let k(f) = -307*f - 9296. What is k(-28)?
-700
Let o(x) = -363*x**2 - 6892*x + 89. Calculate o(-19).
-6
Let h(z) = -87*z**2 + 162*z - 80. Give h(2).
-104
Let x(o) = 5*o**2 + 18*o - 303. Determine x(-12).
201
Let o(h) = -h**3 + 3*h**2 + 1020*h - 2058. Calculate o(2).
-14
Let u(i) = 519*i - 12965. Give u(25).
10
Let o(t) = 6670*t - 1173887. Calculate o(176).
33
Let v(u) = -200*u**2 + 65600*u + 8. Determine v(328).
8
Let l(y) = -15804*y - 380334. What is l(-24)?
-1038
Let i(o) = 13*o**2 + 1144*o + 271. Determine i(-88).
271
Let c(s) = -s**3 + 13*s**2 - 217*s + 2139. Give c(11).
-6
Let u(w) = w**3 - 29*w**2 - 993*w - 142. Calculate u(-20).
118
Let b(f) = f**2 - 32363*f + 3258430. Determine b(101).
-32
Let w(k) = 24*k**2 + 2327*k + 11574. Give w(-5).
539
Let t(p) = -p**2 + 335*p - 7416. What is t(20)?
-1116
Let i(c) = -5352*c - 4319051. Calculate i(-807).
13
Let x(l) = -3*l**2 + 110*l - 167. What is x(45)?
-1292
Let r(m) = -31*m**2 + 43019*m + 55556. Calculate r(1389).
-4
Let m(n) = -n**2 + 184*n + 1727. Calculate m(-11).
-418
Let w(q) = -57693*q + 57690. Calculate w(1).
-3
Let j(s) = 3486*s - 31359. Determine j(9).
15
Let m(t) = 967*t + 286236. Calculate m(-296).
4
Let k(z) = -z**3 + 43*z**2 - 250*z - 171. Determine k(37).
-1207
Let i(z) = 2*z**3 + 162*z**2 - 367*z - 2606. Determine i(-83).
299
Let x(i) = 15564*i + 4124491. Determine x(-265).
31
Let c(o) = -515*o + 22104. Calculate c(43).
-41
Let w(g) = -g**2 - 15244*g + 76297. Give w(5).
52
Let y(c) = -7*c**2 + 171*c - 20. Calculate y(30).
-1190
Let h(l) = 21*l**2 - 1880*l - 7319. Calculate h(93).
-530
Let q(g) = 5*g**2 - 6738*g - 249169. Give q(-36).
-121
Let x(k) = -2551*k + 45749. What is x(18)?
-169
Let a(t) = -2*t**3 + 45*t**2 + 74*t + 23. Calculate a(24).
71
Let c(q) = 732*q - 10225. Determine c(14).
23
Let y(o) = 4*o**2 + 607*o + 3566. Calculate y(0).
3566
Let f(l) = 275*l**2 + 953*l - 386. Determine f(-4).
202
Let h(g) = -65500*g - 8449522. Determine h(-129).
-22
Let w(i) = -3*i**2 - 163*i - 2195. Calculate w(-19).
-181
Let b(r) = 2705*r + 7134. Give b(-3).
-981
Let z(c) = c**3 + 12*c**2 - 3255*c + 6470. Give z(2).
16
Let j(v) = -3*v**3 + 301*v**2 + 203*v - 155. What is j(101)?
-54
Let a(n) = 12*n**3 + 1351*n**2 + 22218*n - 4. Give a(-20).
36
Let v(u) = 2*u**3 + 3*u**2 + 390*u - 1515. Determine v(4).
221
Let d(s) = 4553*s - 1423. What is d(-1)?
-5976
Let c(s) = s**3 - 59*s**2 + 3*s - 157. Give c(59).
20
Let r(h) = 5*h**3 + 18*h**2 + 209*h + 1394. Determine r(-7).
-902
Let a(d) = 855*d**2 + 18822*d + 248. Give a(-22).
-16
Let t(c) = 17*c**2 - 2740*c - 5093. Calculate t(163).
-40
Let h(j) = j**3 + 78*j**2 - 4724*j - 232. Determine h(-118).
240
Let s(d) = 3624*d - 20353. Calculate s(5).
-2233
Let h(c) = 697*c**2 - 1119*c + 416. What is h(1)?
-6
Let s(c) = 5*c**3 - 122*c**2 - 616*c + 13559. Calculate s(25).
34
Let i(n) = 16236*n - 32512. Give i(2).
-40
Let u(v) = 2*v**3 + 191*v**2 + 476*v - 389. Give u(-93).
-1412
Let f(b) = 684*b - 1717. What is f(3)?
335
Let a(j) = -868*j + 61161. What is a(73)?
-2203
Let a(h) = 31*h + 2078. Give a(13).
2481
Let d(q) = -q**3 - 768*q**2 + 12527*q + 107. Determine d(16).
-165
Let i(w) = 4639*w + 148437. What is i(-32)?
-11
Let m(o) = -4564*o - 146043. Give m(-32).
5
Let c(x) = -35*x*